. Give g(135).
-8
Let a(x) = x**2 + 2674*x - 5334. What is a(2)?
18
Let v(f) = 293*f**2 - 789*f - 253. Give v(3).
17
Let m(r) = -r**2 + 107*r - 2593. Give m(67).
87
Let b(s) = 7*s**3 + 17*s**2 - 74*s - 142. What is b(-4)?
-22
Let i(a) = a**2 + 97*a + 2401. What is i(-41)?
105
Let g(f) = -87*f**2 + 34551*f - 4702. Give g(397).
62
Let q(x) = 248*x + 15168. Determine q(-61).
40
Let z(a) = a**3 + 2*a**2 - 10*a + 1175. Calculate z(0).
1175
Let o(f) = -26851*f + 214814. Determine o(8).
6
Let x(v) = -450*v - 15599. Give x(-34).
-299
Let y(n) = 31800*n - 349846. What is y(11)?
-46
Let x(z) = -190*z + 2028. Determine x(33).
-4242
Let q(f) = 2213*f - 15405. What is q(7)?
86
Let t(k) = 23*k**2 - 18*k + 3. Calculate t(-2).
131
Let m(y) = 95488*y + 572948. Give m(-6).
20
Let x(w) = -1924*w - 125050. Determine x(-65).
10
Let x(y) = 639*y + 2248. Calculate x(-4).
-308
Let s(n) = -69*n**3 + 23*n**2 + 19*n + 64. What is s(-3)?
2077
Let g(h) = -49984*h - 302118. Give g(-6).
-2214
Let b(i) = i**3 - 324*i**2 - 3983*i + 596. Give b(-12).
8
Let o(x) = -3*x**3 - x**2 + 136*x - 14. Determine o(-6).
-218
Let g(j) = j**2 + 54*j - 1102. Determine g(-52).
-1206
Let o(r) = 3*r**2 - 936*r - 342108. Calculate o(528).
36
Let c(j) = 281*j + 21913. Give c(-78).
-5
Let h(i) = 17465*i + 227040. What is h(-13)?
-5
Let y(c) = -166740*c + 333506. Give y(2).
26
Let u(y) = 11649*y + 69903. What is u(-6)?
9
Let t(v) = v**2 + 13729*v - 109871. Calculate t(8).
25
Let h(p) = -p**3 + 4*p**2 - 293*p + 2872. Give h(9).
-170
Let j(n) = -n**3 - 123*n**2 - 793*n + 2232. What is j(-116)?
28
Let b(o) = -3*o**3 + 119*o**2 - 1172*o + 53. What is b(18)?
17
Let l(d) = -6*d**3 + 149*d**2 + 2*d - 41. What is l(0)?
-41
Let w(k) = -8522*k**2 - 144850*k + 4. Calculate w(-17).
-404
Let h(j) = -4346*j + 35177. Give h(8).
409
Let s(z) = -z**2 - 139*z + 28843. What is s(114)?
1
Let v(f) = -15*f**3 - 1902*f**2 + 384*f + 358. What is v(-127)?
-23
Let j(t) = 2*t**3 - 51*t**2 + 2447*t - 39200. Calculate j(18).
-14
Let a(s) = -417*s + 12160. Calculate a(24).
2152
Let y(u) = -78*u**3 + 1328*u**2 - 71*u + 659. Give y(17).
30
Let b(a) = -1682*a - 5951. What is b(-3)?
-905
Let l(b) = 14*b**3 - 2*b**2 + 5508*b - 5506. Determine l(1).
14
Let k(v) = -7*v**3 - 153*v**2 - 159*v - 4484. Give k(-22).
-502
Let o(h) = 3*h**3 - 25*h**2 + 227*h - 365. Calculate o(2).
13
Let b(s) = 2*s**3 - 369*s**2 - 923*s - 2078. Give b(187).
166
Let p(y) = -40*y + 13877. What is p(321)?
1037
Let g(x) = 2*x**2 - 1863*x + 417200. What is g(557)?
7
Let f(k) = 6518*k + 156999. Determine f(-24).
567
Let n(y) = -869552*y + 18260596. Calculate n(21).
4
Let y(u) = -371*u**3 - 3*u**2 + 311*u + 619. Determine y(-2).
2953
Let b(h) = -85*h**2 + 16156*h - 1132. What is b(190)?
8
Let f(x) = -x**3 + 23*x**2 + 173*x - 3504. Give f(24).
72
Let d(s) = -2*s**3 - 32*s**2 + 2*s + 99. Give d(-14).
-713
Let w(u) = 1621*u - 106918. Give w(66).
68
Let t(k) = 79*k - 1022. Calculate t(54).
3244
Let t(p) = -p**2 - 52*p - 565. What is t(-40)?
-85
Let b(o) = 8712*o + 4486636. Calculate b(-515).
-44
Let f(u) = 9753*u + 58528. Determine f(-6).
10
Let v(i) = -325*i**2 + 184922*i + 1711. Determine v(569).
4
Let v(m) = 3*m**3 + 2724*m**2 - 2664*m + 57266. Give v(-909).
-1
Let j(z) = -1683*z + 22817. What is j(13)?
938
Let m(p) = -1942*p - 135941. Determine m(-70).
-1
Let s(z) = 1522*z + 120280. Determine s(-79).
42
Let d(r) = -2*r**2 + 792*r - 25136. Determine d(361).
134
Let d(v) = -32999*v - 66001. Give d(-2).
-3
Let h(t) = 314*t**2 - 106443*t - 1022. Determine h(339).
-5
Let z(c) = -38*c**2 + 206*c + 577. Determine z(-5).
-1403
Let p(t) = -35*t**2 - 6000*t - 8497. Calculate p(-170).
3
Let z(t) = -2*t**2 + 26*t + 1381. Determine z(-29).
-1055
Let y(j) = 1009*j - 79738. Determine y(79).
-27
Let s(z) = -229*z - 41968. What is s(-182)?
-290
Let q(l) = 1628*l - 149819. Determine q(92).
-43
Let t(y) = 2*y**2 + 108*y - 3711. Determine t(-79).
239
Let q(x) = 30*x**2 - 3741*x + 113826. Calculate q(72).
-6
Let t(n) = 2*n**2 - 2694*n + 904859. Determine t(639).
35
Let u(b) = -996*b**2 + 5024*b - 225. Give u(5).
-5
Let i(a) = -8352*a + 8399. Calculate i(1).
47
Let j(c) = -1391*c - 13958. Determine j(-8).
-2830
Let n(b) = -7*b**3 + 18*b**2 - 65*b - 21. Give n(6).
-1275
Let v(d) = 28*d**3 + 277*d**2 + 791*d + 8205. Calculate v(-10).
-5
Let i(o) = -642*o**2 - 2093*o - 498. Calculate i(-3).
3
Let l(y) = 11791*y - 70711. Calculate l(6).
35
Let c(j) = 4724*j - 14150. Calculate c(3).
22
Let g(y) = 6*y - 196. What is g(-23)?
-334
Let y(h) = -29*h**2 + 44*h - 6. What is y(0)?
-6
Let x(z) = -27*z**2 - 49*z - 456. What is x(-8)?
-1792
Let j(w) = -9221*w - 64548. Calculate j(-7).
-1
Let y(s) = -321*s - 7005. Calculate y(-22).
57
Let w(j) = -j**2 - 12*j + 31313. What is w(-183)?
20
Let n(y) = y**3 - 33*y**2 - 236*y + 161. Determine n(39).
83
Let q(f) = f**2 - 10215*f + 61247. What is q(6)?
-7
Let h(f) = -22*f**2 - 30826*f - 123302. Give h(-4).
-350
Let f(l) = 9*l**3 - 1091*l**2 + 222*l + 2349. Determine f(121).
-71
Let p(r) = 1029*r - 112. What is p(1)?
917
Let u(m) = -430*m + 13415. What is u(31)?
85
Let w(c) = -606*c**2 - 4448*c + 3172. What is w(-8)?
-28
Let l(b) = 2*b**3 - 1068*b**2 + 1035*b + 16537. Give l(533).
14
Let s(u) = -u**2 - 1109*u + 8854. Determine s(8).
-82
Let y(k) = -k**2 + 244*k - 14638. What is y(108)?
50
Let t(v) = 9*v**3 + 450*v**2 - 1663*v + 15173. Calculate t(-54).
-1
Let d(o) = -o**3 + 315*o**2 - 8562*o + 339. Determine d(30).
-21
Let i(z) = 8*z**2 + 391*z + 3035. Give i(-8).
419
Let d(f) = -f**3 - 300*f**2 - 4066*f - 17717. Give d(-286).
15
Let n(l) = -5*l**3 - 9*l**2 - 724*l - 5727. Give n(-8).
2049
Let h(z) = -z**3 - 24*z**2 - 190*z - 252. Determine h(-24).
4308
Let h(m) = -5*m + 261. What is h(-50)?
511
Let m(n) = 2*n**2 - 1737*n - 121352. What is m(-65)?
3
Let x(a) = a**3 - 19*a**2 + 125*a - 1182. Determine x(15).
-207
Let v(d) = d**3 - 167*d**2 + 938*d + 4507. What is v(161)?
-1
Let m(u) = 11094*u - 110904. Calculate m(10).
36
Let g(r) = -7*r**2 - 65*r + 6464. Give g(-35).
164
Let t(v) = -1022*v + 25326. Calculate t(25).
-224
Let h(v) = 3*v**2 - 331*v - 223. Give h(111).
-1
Let c(r) = -2145*r + 1293450. Give c(603).
15
Let a(k) = -13666*k - 205017. Give a(-15).
-27
Let t(i) = 218*i + 28771. Calculate t(-132).
-5
Let y(x) = -7673*x - 721328. Calculate y(-94).
-66
Let m(j) = 1823*j - 16563. Calculate m(9).
-156
Let f(b) = 61*b + 2779. Calculate f(-68).
-1369
Let w(h) = 5*h**2 - 56*h - 8829. What is w(48)?
3
Let d(c) = 2*c**2 + 829*c + 68070. Determine d(-301).
-257
Let h(a) = -29805*a - 2056545. Give h(-69).
0
Let w(c) = -15484*c + 1920112. Give w(124).
96
Let r(t) = -28*t**3 + 253*t**2 - 49*t + 373. Give r(9).
13
Let t(o) = 5*o**3 + 24*o**2 - 27*o - 719. Determine t(-10).
-3049
Let t(f) = 4552*f + 50068. Calculate t(-11).
-4
Let m(z) = z**2 + 83725*z - 7039956. What is m(84)?
0
Let f(m) = -25*m**2 - 138*m - 184. Give f(-4).
-32
Let q(l) = -3*l**3 + 52*l**2 - 72*l + 523. Give q(16).
395
Let c(x) = -x**2 - 12*x + 7835. Give c(-95).
-50
Let x(g) = -265473*g + 19645005. Give x(74).
3
Let l(z) = -2071*z - 7915. Determine l(-4).
369
Let g(c) = -c**2 - 492*c - 18579. Determine g(-41).
-88
Let o(g) = 47129*g - 377566. What is o(8)?
-534
Let m(i) = -196*i**2 - 28231*i - 1052. What is m(-144)?
-44
Let w(t) = -437*t**2 - 1411*t + 1. Calculate w(-4).
-1347
Let d(q) = -4*q**3 + 229*q**2 - 73*q - 121. Determine d(57).
-1033
Let d(a) = 18552*a + 1873789. What is d(-101)?
37
Let z(q) = 39718*q + 317730. Give z(-8).
-14
Let n(t) = -1659*t + 14844. Determine n(9).
-87
Let b(o) = -11*o**2 + 86*o - 176. What is b(4)?
-8
Let w(r) = -3868*r**2 + 92832*r + 10. Give w(24).
10
Let p(q) = q**3 + 68*q**2 + 942*q + 584. Give p(-49).
45
Let c(n) = -n**3 + 20*n**2 + 248*n - 2747. What is c(10)?
733
Let r(i) = -324211*i - 1621056. What is r(-5)?
-1
Let f(s) = -s**3 + 6*s**2 + 121*s - 430. Give f(14).
-304
Let r(g) = -4*g**2 + 238*g + 50522. What is r(146)?
6
Let l(v) = 56*v + 120. What is l(-11)?
-496
Let q(x) = -78*x**3 + 409*x**2 - 70*x - 84. Give q(5).
41
Let k(a) = -a**3 - 65*a**2 + 3024*a + 195310. What is k(-66)?
82
Let o(x) = 223269*x + 4911941. Calculate o(-22).
23
Let s(z) = -7*z**3 + z**2 - 2364. Calculate s(0).
-2364
Let u(m) = 119*m**2 + 151*m - 299. Calculate u(2).
479
Let a(y) = -